= -71 + 114. Let w = -35 + r. Calculate the greatest common divisor of 4 and w.
4
Suppose -63*r + 9271 = 955. What is the greatest common factor of 12 and r?
12
Suppose 2*l = -4*l + 48. Suppose 0 = 115*x - 117*x + 4. Calculate the highest common factor of l and x.
2
Let d = -49 + 45. Let h(v) = -v + 22. Let m be h(d). Calculate the greatest common divisor of 286 and m.
26
Suppose 98*p + 57 = 102*p + 3*a, -63 = -5*p - a. What is the highest common divisor of p and 69?
3
Suppose -318 = 4*j - 2*t + 70, 4*j = -3*t - 388. Let q = -93 - j. What is the greatest common divisor of 48 and q?
4
Let v(s) = -s - 1. Let z be v(-11). Let y be 4/(-7) + 7608/84. Calculate the greatest common factor of z and y.
10
Suppose 2 = -6*a + 5*a. Let z = 11 - a. Let y(l) = 6*l**2 - 6*l - 3. Let o be y(5). Calculate the greatest common factor of z and o.
13
Suppose z + 141 = 3*t, 2*t + 3*t = 4*z + 228. Calculate the highest common divisor of t and 120.
24
Suppose f = 2*k - 9, -4*f = 5*k + f - 15. Suppose -32 = -2*b + 5*q, k*b + 1 = 4*q + 53. Calculate the greatest common divisor of b and 55.
11
Let b(j) = -j**2 - 5*j - 12. Let w be b(-8). Let k = w - -60. Suppose -n + k = n. What is the highest common divisor of 8 and n?
4
Suppose 289 = 5*d - 151. Suppose 0 = -5*v + 12 + 13. Let j(w) = w**3 - 5*w**2 + w + 3. Let b be j(v). What is the highest common divisor of b and d?
8
Suppose 533 + 2923 = 24*n. Let k = 41 - 25. What is the greatest common divisor of k and n?
16
Let l be ((-6)/(-4))/((-2)/(-132)). Suppose -2*w - 2*b + 22 - 6 = 0, -6*w + 81 = -5*b. Calculate the highest common divisor of w and l.
11
Suppose 3*c = -4*x + 58, 2*c + x = -x + 36. Let s(f) = -2*f**2 - 50*f + 87. Let p be s(-26). Calculate the greatest common divisor of c and p.
7
Suppose -y + f = 0, 19 = 5*y + 2*f + 5. Suppose y = 9*x - 8*x. Calculate the greatest common divisor of x and 2.
2
Let k(v) be the first derivative of 4*v - 1/2*v**2 + 1. Let f be k(-8). Calculate the greatest common divisor of 84 and f.
12
Let w(h) = h**3 - h**2 - 5*h + 5. Let g be w(4). Suppose -3*b - 5 + 38 = 0. What is the greatest common divisor of b and g?
11
Let m(b) = 2*b**2 - 5*b - 16. Let q be m(5). What is the greatest common divisor of q and 1179?
9
Let w be (-10)/(-3) - (-1)/(-3). Suppose r - 6*r - 20 = 0, 3*r = -v - 9. Calculate the highest common divisor of v and w.
3
Suppose -9*o = -7*o + 22. Let x = 5 - o. Calculate the greatest common divisor of x and 80.
16
Suppose -4*z + 2*v = -112, 0*z + 4*z + 3*v = 92. Suppose z = -47*q + 49*q. What is the highest common factor of 52 and q?
13
Suppose -3*u + 10*l + 1126 = 8*l, -4*l + 1528 = 4*u. What is the greatest common divisor of u and 27?
27
Let h = 15 + 2. Suppose 0 = 2*m - 81 - h. What is the highest common divisor of 7 and m?
7
Suppose -5*d + 73 = -202. Let h = 119 - d. Suppose 2*u = 6 + 10. Calculate the highest common factor of u and h.
8
Suppose 0 = -5*x + 5 + 10. Let y be 3 + x*(-38)/(-6). What is the highest common divisor of y and 2?
2
Suppose -2*m = -i + 17 + 3, -4*i = -m - 94. Calculate the greatest common divisor of i and 6.
6
Let v(t) = t**2 + 5*t - 5. Let h be v(-7). Let c be -1 + -1 + -2 + h. Suppose -5*a = -c*s + 455, 3 = 5*a + 8. Calculate the highest common factor of s and 10.
10
Let i = -42 - -19. Let c = i + 28. Suppose 28 = 4*z + 4*k, z - c*k - 20 - 11 = 0. Calculate the greatest common factor of 22 and z.
11
Suppose -3*c + 2*i + 50 = -3*i, 5*c - i = 54. Suppose -d - 4*d = c. Let g be d + 0/(-3) - -7. What is the highest common factor of g and 5?
5
Suppose -3*b + 13 = -4*j + 1, 5*b = 4*j + 28. Let i be 920/(-35) + 6/21. Let q = i + 28. Calculate the highest common factor of b and q.
2
Let c(n) = 19*n**3 + n**2 + n - 1. Let y be c(1). Let k be (7 - y/8)*32/6. What is the highest common factor of 48 and k?
24
Let p be (-1 + 0 + -4)/(-1). Suppose -p*d + 4*q = -77, -3*d + q + 29 = -20. Let v = 15 + 36. What is the greatest common factor of v and d?
17
Let u be ((-2)/6)/(17/(-1989)). What is the highest common divisor of u and 689?
13
Suppose 48 + 105 = 17*d. Calculate the highest common divisor of d and 21.
3
Suppose 3 = -3*q + 6, -5*q + 116 = 3*g. Let w = -138 + 323. What is the greatest common factor of w and g?
37
Suppose 348 = 4*t - p - 23, p = -3*t + 273. Suppose j = -4*v + 234, 5*j - 5*v - 88 = 1057. Calculate the highest common factor of j and t.
46
Suppose 80 = 18*g - 14*g. Suppose -132 = -2*f + 3*d, -g + 0 = 5*d. Calculate the highest common divisor of 40 and f.
20
Let y = 65 + -69. Let p be (6/y)/(((-2)/(-24))/(-1)). What is the greatest common divisor of 54 and p?
18
Let f = 48 + 116. What is the greatest common factor of f and 205?
41
Let x = -129 - -169. What is the greatest common divisor of 30 and x?
10
Let b = 2751 + -2604. Calculate the highest common divisor of b and 189.
21
Let b = -182 - -226. What is the highest common divisor of b and 176?
44
Let j be ((-39)/(-3) - 4)*76/3. Calculate the greatest common divisor of 48 and j.
12
Let g be ((-126)/(-3) - -2)/(-1 + 2). Calculate the highest common factor of g and 616.
44
Let k be -3*((-76)/60 + (-6)/(-10)). Let n be (-2 - (-3)/k)*(0 + -76). Calculate the greatest common divisor of 19 and n.
19
Let t = 40 - -59. What is the greatest common factor of 9 and t?
9
Let q be -3 - 10*1*4/(-8). Suppose q*a + 2 = -2*s - 0, 4*s - 4*a = 12. What is the greatest common divisor of 2 and s?
1
Suppose -25*c + 101*c - 80864 = 0. Calculate the greatest common divisor of c and 399.
133
Suppose -f = -3*j - 8, 5*j - 4*j = 3*f - 8. Calculate the highest common factor of f and 16.
2
Suppose 0*y + 5*y + 45 = 5*p, -2*y = 4*p - 54. Let v be 569/(3/(6 - 3)). Suppose 4*m = v - 137. Calculate the highest common divisor of p and m.
12
Let z = 314 - 92. Let w = z + -158. Calculate the highest common factor of w and 96.
32
Let h be 878/18 + 8/36. Suppose 29*q = 28*q + 14. What is the greatest common divisor of q and h?
7
Let m be (-4)/(-3)*24/16. Let r = m + 0. Suppose u = -u + r. Calculate the greatest common factor of u and 7.
1
Let u = 6331 - 6221. Let m be 3/12 + 175/4. Calculate the highest common divisor of u and m.
22
Let n be (-5)/(-25)*0 - -9. Calculate the greatest common factor of 36 and n.
9
Suppose -3*c = -2*h - 0*h - 12, 3*c + 5*h = -9. Suppose -f + 45 = c*f. What is the greatest common factor of f and 10?
5
Suppose 1371 = 8*i - 229. Suppose 8*d - 3*d = i. Calculate the greatest common divisor of d and 10.
10
Suppose -44*q + 2*z + 638 = -41*q, 2*q = -3*z + 447. Calculate the highest common divisor of 96 and q.
24
Let b(o) = -o**2 + 37*o + 8. Let g be b(18). Calculate the highest common divisor of 140 and g.
70
Let u(q) = -2*q - 3*q**3 + 5033 - q - 5030 - 6*q**2. Let s be u(-3). Let t = 24 - 11. Calculate the greatest common factor of t and s.
13
Suppose -5*v - 5*x = -40, 2*x + 29 = 4*v + 9. Suppose -3*h + 5*h = 8. Suppose 0 = -h*j - 11 + 59. What is the greatest common divisor of v and j?
6
Let t be -6 + 2 + -1*32. Let m be (-9)/t - (-3)/4. What is the greatest common divisor of 1 and m?
1
Suppose 0*c = 5*c - 380. Suppose -4*l - c + 736 = 0. What is the greatest common divisor of 15 and l?
15
Let l = -25 - -29. Suppose l*y - 390 = -5*p, 2*p + p - 4*y = 234. What is the greatest common divisor of 26 and p?
26
Let d = 42 + -15. Suppose u + 15 = d. Let m be 0 + 10 + 1 + 1. What is the highest common divisor of u and m?
12
Let p(x) = 18*x - 430. Let j be p(25). Calculate the highest common divisor of 3 and j.
1
Let y be (-40)/(((-9)/(-126))/(-4 + 3)). What is the greatest common factor of 35 and y?
35
Suppose -r - 2*h + 0*h = -316, -r + 4*h = -340. Calculate the highest common divisor of 180 and r.
36
Let h be (0 + (-26)/8)*-4. Let t be (-4)/(-6)*(-1 + h). Let i be (-177)/(-2) - (-3 + (-21)/(-6)). Calculate the highest common divisor of i and t.
8
Let l be ((-8)/12)/((-8)/36). Suppose 7*s - 186 = l*s + 5*x, 3*s = 4*x + 140. Calculate the highest common divisor of 4 and s.
4
Let c = 631 + -621. What is the greatest common factor of c and 165?
5
Let q(x) = 2*x**2 - 7*x - 10. Let t be q(6). Suppose -4*r + 8*u - 11*u = -52, 2*u + 22 = 3*r. Calculate the highest common divisor of t and r.
10
Suppose 0 = 62*n - 61*n - 60. Let t(d) = -d**3 - 8*d**2 - 8*d + 8. Let c be t(-7). Calculate the highest common divisor o